{"id":2074,"date":"2017-12-16T08:05:00","date_gmt":"2017-12-16T07:05:00","guid":{"rendered":"http:\/\/ecole-st-vaast-wambrechies.fr\/?page_id=2074"},"modified":"2025-09-23T09:54:20","modified_gmt":"2025-09-23T07:54:20","slug":"ce2","status":"publish","type":"page","link":"https:\/\/ecole-st-vaast-wambrechies.fr\/index.php\/ce2\/","title":{"rendered":"CE2 &#8211; CM1"},"content":{"rendered":"<p>La classe de CE2 est l&rsquo;ann\u00e9e des apprentissages fondamentaux, d\u00e9veloppe le temps d&rsquo;apprendre, le sens et l&rsquo;automatisation des apprentissages. la langue fran\u00e7aise continue l&rsquo;objet d&rsquo;apprentissage central. le CE2 finalise les apprentissages du CP et\u00a0 CE1. Le CE2 d\u00e9veloppe l&rsquo;autonomie, le travail en groupe, la r\u00e9flexion personnel \u00e0 travers de nombreux projets culturels, artistiques et litt\u00e9raires.<\/p>\n<p>Les \u00e9l\u00e8ves passeront leur permis pi\u00e9ton, la partie th\u00e9orique et pratique seront assur\u00e9es par la police municipale.<\/p>\n<p>Le cours moyen 1<sup>\u00e8re<\/sup> ann\u00e9e, \u00e9galement premi\u00e8re ann\u00e9e du cycle 3, est l\u2019avant dernier niveau avant l\u2019entr\u00e9e au coll\u00e8ge de l\u2019\u00e9cole primaire. L\u2019\u00e2ge typique des \u00e9l\u00e8ves fr\u00e9quentant cette classe est donc de 8 \u00e0 10 ans.<\/p>\n<h4>L&rsquo;enseignante Madame Christelle DE VREESE<\/h4>\n","protected":false},"excerpt":{"rendered":"<p>La classe de CE2 est l&rsquo;ann\u00e9e des apprentissages fondamentaux, d\u00e9veloppe le temps d&rsquo;apprendre, le sens et l&rsquo;automatisation des apprentissages. la [&hellip;]<\/p>\n","protected":false},"author":4,"featured_media":0,"parent":0,"menu_order":0,"comment_status":"closed","ping_status":"closed","template":"","meta":{"footnotes":""},"_links":{"self":[{"href":"https:\/\/ecole-st-vaast-wambrechies.fr\/index.php\/wp-json\/wp\/v2\/pages\/2074"}],"collection":[{"href":"https:\/\/ecole-st-vaast-wambrechies.fr\/index.php\/wp-json\/wp\/v2\/pages"}],"about":[{"href":"https:\/\/ecole-st-vaast-wambrechies.fr\/index.php\/wp-json\/wp\/v2\/types\/page"}],"author":[{"embeddable":true,"href":"https:\/\/ecole-st-vaast-wambrechies.fr\/index.php\/wp-json\/wp\/v2\/users\/4"}],"replies":[{"embeddable":true,"href":"https:\/\/ecole-st-vaast-wambrechies.fr\/index.php\/wp-json\/wp\/v2\/comments?post=2074"}],"version-history":[{"count":21,"href":"https:\/\/ecole-st-vaast-wambrechies.fr\/index.php\/wp-json\/wp\/v2\/pages\/2074\/revisions"}],"predecessor-version":[{"id":8702,"href":"https:\/\/ecole-st-vaast-wambrechies.fr\/index.php\/wp-json\/wp\/v2\/pages\/2074\/revisions\/8702"}],"wp:attachment":[{"href":"https:\/\/ecole-st-vaast-wambrechies.fr\/index.php\/wp-json\/wp\/v2\/media?parent=2074"}],"curies":[{"name":"wp","href":"https:\/\/api.w.org\/{rel}","templated":true}]}}

<p>La classe de CE2 est l&rsquo;année des apprentissages fondamentaux, développe le temps d&rsquo;apprendre, le sens et l&rsquo;automatisation des apprentissages. la langue française continue l&rsquo;objet d&rsquo;apprentissage central. le CE2 finalise les apprentissages du CP et  CE1. Le CE2 développe l&rsquo;autonomie, le travail en groupe, la réflexion personnel à travers de nombreux projets culturels, artistiques et littéraires.</p>
<p>Les élèves passeront leur permis piéton, la partie théorique et pratique seront assurées par la police municipale.</p>
<p>Le cours moyen 1<sup>ère</sup> année, également première année du cycle 3, est l’avant dernier niveau avant l’entrée au collège de l’école primaire. L’âge typique des élèves fréquentant cette classe est donc de 8 à 10 ans.</p>
<h4>L&rsquo;enseignante Madame Christelle DE VREESE</h4>

<p>La classe de CE2 est l&rsquo;année des apprentissages fondamentaux, développe le temps d&rsquo;apprendre, le sens et l&rsquo;automatisation des apprentissages. la [&hellip;]</p>
