{"id":2202,"date":"2018-02-02T18:19:07","date_gmt":"2018-02-02T17:19:07","guid":{"rendered":"http:\/\/ecole-st-vaast-wambrechies.fr\/?page_id=2202"},"modified":"2025-11-03T17:03:40","modified_gmt":"2025-11-03T16:03:40","slug":"memo-frigo-3","status":"publish","type":"page","link":"https:\/\/ecole-st-vaast-wambrechies.fr\/index.php\/memo-frigo-3\/","title":{"rendered":"MEMO FRIGO 2025-2026"},"content":{"rendered":"\n<h4 class=\"wp-block-heading\"><strong><em><a href=\"http:\/\/ecole-st-vaast-wambrechies.fr\/wp-content\/uploads\/2024\/09\/MEMO-FRIGO-ANNEE-SCOLAIRE-2024-2025-2.pdf\"><mark style=\"background-color:#fcb900\" class=\"has-inline-color has-black-color\">\u00c9v\u00e8nements de l&rsquo;ann\u00e9e scolaire<\/mark><\/a><\/em><\/strong><\/h4>\n\n\n<h2 style=\"text-align: center;\">\u00a0<\/h2>\n\n\n<div data-wp-interactive=\"core\/file\" class=\"wp-block-file\"><object data-wp-bind--hidden=\"!state.hasPdfPreview\"  class=\"wp-block-file__embed\" data=\"https:\/\/ecole-st-vaast-wambrechies.fr\/wp-content\/uploads\/2025\/11\/MEMO-FRIGO-ANNEE-SCOLAIRE-2025-2026.pdf\" type=\"application\/pdf\" style=\"width:100%;height:600px\" aria-label=\"Contenu embarqu\u00e9 MEMO-FRIGO-ANNEE-SCOLAIRE-2025-2026.\"><\/object><a id=\"wp-block-file--media-4f143c25-a5f3-4df6-b9e8-1df7d326d83b\" href=\"https:\/\/ecole-st-vaast-wambrechies.fr\/wp-content\/uploads\/2025\/11\/MEMO-FRIGO-ANNEE-SCOLAIRE-2025-2026.pdf\" target=\"_blank\" rel=\"noreferrer noopener\">MEMO-FRIGO-ANNEE-SCOLAIRE-2025-2026<\/a><a href=\"https:\/\/ecole-st-vaast-wambrechies.fr\/wp-content\/uploads\/2025\/11\/MEMO-FRIGO-ANNEE-SCOLAIRE-2025-2026.pdf\" class=\"wp-block-file__button wp-element-button\" download aria-describedby=\"wp-block-file--media-4f143c25-a5f3-4df6-b9e8-1df7d326d83b\">T\u00e9l\u00e9charger<\/a><\/div>\n","protected":false},"excerpt":{"rendered":"<p>\u00c9v\u00e8nements de l&rsquo;ann\u00e9e scolaire \u00a0<\/p>\n","protected":false},"author":4,"featured_media":0,"parent":0,"menu_order":0,"comment_status":"closed","ping_status":"closed","template":"","meta":{"footnotes":""},"_links":{"self":[{"href":"https:\/\/ecole-st-vaast-wambrechies.fr\/index.php\/wp-json\/wp\/v2\/pages\/2202"}],"collection":[{"href":"https:\/\/ecole-st-vaast-wambrechies.fr\/index.php\/wp-json\/wp\/v2\/pages"}],"about":[{"href":"https:\/\/ecole-st-vaast-wambrechies.fr\/index.php\/wp-json\/wp\/v2\/types\/page"}],"author":[{"embeddable":true,"href":"https:\/\/ecole-st-vaast-wambrechies.fr\/index.php\/wp-json\/wp\/v2\/users\/4"}],"replies":[{"embeddable":true,"href":"https:\/\/ecole-st-vaast-wambrechies.fr\/index.php\/wp-json\/wp\/v2\/comments?post=2202"}],"version-history":[{"count":54,"href":"https:\/\/ecole-st-vaast-wambrechies.fr\/index.php\/wp-json\/wp\/v2\/pages\/2202\/revisions"}],"predecessor-version":[{"id":8789,"href":"https:\/\/ecole-st-vaast-wambrechies.fr\/index.php\/wp-json\/wp\/v2\/pages\/2202\/revisions\/8789"}],"wp:attachment":[{"href":"https:\/\/ecole-st-vaast-wambrechies.fr\/index.php\/wp-json\/wp\/v2\/media?parent=2202"}],"curies":[{"name":"wp","href":"https:\/\/api.w.org\/{rel}","templated":true}]}}

<h4 class="wp-block-heading"><strong><em><a href="http://ecole-st-vaast-wambrechies.fr/wp-content/uploads/2024/09/MEMO-FRIGO-ANNEE-SCOLAIRE-2024-2025-2.pdf"><mark style="background-color:#fcb900" class="has-inline-color has-black-color">Évènements de l&rsquo;année scolaire</mark></a></em></strong></h4>


<h2 style="text-align: center;"> </h2>


<div data-wp-interactive="core/file" class="wp-block-file"><object data-wp-bind--hidden="!state.hasPdfPreview"  class="wp-block-file__embed" data="https://ecole-st-vaast-wambrechies.fr/wp-content/uploads/2025/11/MEMO-FRIGO-ANNEE-SCOLAIRE-2025-2026.pdf" type="application/pdf" style="width:100%;height:600px" aria-label="Contenu embarqué MEMO-FRIGO-ANNEE-SCOLAIRE-2025-2026."></object><a id="wp-block-file--media-4f143c25-a5f3-4df6-b9e8-1df7d326d83b" href="https://ecole-st-vaast-wambrechies.fr/wp-content/uploads/2025/11/MEMO-FRIGO-ANNEE-SCOLAIRE-2025-2026.pdf" target="_blank" rel="noreferrer noopener">MEMO-FRIGO-ANNEE-SCOLAIRE-2025-2026</a><a href="https://ecole-st-vaast-wambrechies.fr/wp-content/uploads/2025/11/MEMO-FRIGO-ANNEE-SCOLAIRE-2025-2026.pdf" class="wp-block-file__button wp-element-button" download aria-describedby="wp-block-file--media-4f143c25-a5f3-4df6-b9e8-1df7d326d83b">Télécharger</a></div>

<p>Évènements de l&rsquo;année scolaire  </p>
