{"id":3060,"date":"2018-02-12T01:42:33","date_gmt":"2018-02-12T00:42:33","guid":{"rendered":"http:\/\/ecole-st-vaast-wambrechies.fr\/?page_id=3060"},"modified":"2018-04-09T13:18:09","modified_gmt":"2018-04-09T11:18:09","slug":"celebration-rentree","status":"publish","type":"page","link":"https:\/\/ecole-st-vaast-wambrechies.fr\/index.php\/celebration-rentree\/","title":{"rendered":"C\u00e9l\u00e9bration Rentr\u00e9e &#8211; Septembre 2017"},"content":{"rendered":"<!-- MetaSlider -->\n<div style=\"width: 100%;\" class=\"ml-slider-3-6-6 metaslider metaslider-responsive metaslider-2441 ml-slider\">\n    \n    <div id=\"metaslider_container_2441\">\n        <ul id='metaslider_2441' class='rslides'>\n            <li><img loading=\"lazy\" decoding=\"async\" src=\"https:\/\/ecole-st-vaast-wambrechies.fr\/wp-content\/uploads\/2018\/02\/20170915_155724-395x197.jpg\" height=\"600\" width=\"1200\" alt=\"\" class=\"slider-2441 slide-2474\" \/><\/li>\n            <li style='display: none;'><img loading=\"lazy\" decoding=\"async\" src=\"https:\/\/ecole-st-vaast-wambrechies.fr\/wp-content\/uploads\/2018\/02\/20170915_155824-1200x600.jpg\" height=\"600\" width=\"1200\" alt=\"\" class=\"slider-2441 slide-2475\" \/><\/li>\n            <li style='display: none;'><img loading=\"lazy\" decoding=\"async\" src=\"https:\/\/ecole-st-vaast-wambrechies.fr\/wp-content\/uploads\/2018\/02\/20170915_155830-1200x600.jpg\" height=\"600\" width=\"1200\" alt=\"\" class=\"slider-2441 slide-2476\" \/><\/li>\n            <li style='display: none;'><img loading=\"lazy\" decoding=\"async\" src=\"https:\/\/ecole-st-vaast-wambrechies.fr\/wp-content\/uploads\/2018\/02\/20170915_155843-1200x600.jpg\" height=\"600\" width=\"1200\" alt=\"\" class=\"slider-2441 slide-2478\" \/><\/li>\n            <li style='display: none;'><img loading=\"lazy\" decoding=\"async\" src=\"https:\/\/ecole-st-vaast-wambrechies.fr\/wp-content\/uploads\/2018\/02\/20170915_155855-1200x600.jpg\" height=\"600\" width=\"1200\" alt=\"\" class=\"slider-2441 slide-2479\" \/><\/li>\n            <li style='display: none;'><img loading=\"lazy\" decoding=\"async\" src=\"https:\/\/ecole-st-vaast-wambrechies.fr\/wp-content\/uploads\/2018\/02\/20170915_155904-1200x600.jpg\" height=\"600\" width=\"1200\" alt=\"\" class=\"slider-2441 slide-2480\" \/><\/li>\n            <li style='display: none;'><img loading=\"lazy\" decoding=\"async\" src=\"https:\/\/ecole-st-vaast-wambrechies.fr\/wp-content\/uploads\/2018\/02\/20170915_155912-1200x600.jpg\" height=\"600\" width=\"1200\" alt=\"\" class=\"slider-2441 slide-2481\" \/><\/li>\n            <li style='display: none;'><img loading=\"lazy\" decoding=\"async\" src=\"https:\/\/ecole-st-vaast-wambrechies.fr\/wp-content\/uploads\/2018\/02\/20170915_155936-1200x600.jpg\" height=\"600\" width=\"1200\" alt=\"\" class=\"slider-2441 slide-2482\" \/><\/li>\n            <li style='display: none;'><img loading=\"lazy\" decoding=\"async\" src=\"https:\/\/ecole-st-vaast-wambrechies.fr\/wp-content\/uploads\/2018\/02\/20170915_160134-1200x600.jpg\" height=\"600\" width=\"1200\" alt=\"\" class=\"slider-2441 slide-2483\" \/><\/li>\n            <li style='display: none;'><img loading=\"lazy\" decoding=\"async\" src=\"https:\/\/ecole-st-vaast-wambrechies.fr\/wp-content\/uploads\/2018\/02\/20170915_160319-1200x600.jpg\" height=\"600\" width=\"1200\" alt=\"\" class=\"slider-2441 slide-2484\" \/><\/li>\n            <li style='display: none;'><img loading=\"lazy\" decoding=\"async\" src=\"https:\/\/ecole-st-vaast-wambrechies.fr\/wp-content\/uploads\/2018\/02\/20170915_160930-1200x600.jpg\" height=\"600\" width=\"1200\" alt=\"\" class=\"slider-2441 slide-2485\" \/><\/li>\n            <li style='display: none;'><img loading=\"lazy\" decoding=\"async\" src=\"https:\/\/ecole-st-vaast-wambrechies.fr\/wp-content\/uploads\/2018\/02\/20170915_160958-1200x600.jpg\" height=\"600\" width=\"1200\" alt=\"\" class=\"slider-2441 slide-2486\" \/><\/li>\n            <li style='display: none;'><img loading=\"lazy\" decoding=\"async\" src=\"https:\/\/ecole-st-vaast-wambrechies.fr\/wp-content\/uploads\/2018\/02\/20170915_161217-1200x600.jpg\" height=\"600\" width=\"1200\" alt=\"\" class=\"slider-2441 slide-2487\" \/><\/li>\n            <li style='display: none;'><img loading=\"lazy\" decoding=\"async\" src=\"https:\/\/ecole-st-vaast-wambrechies.fr\/wp-content\/uploads\/2018\/02\/20170915_161451-1200x600.jpg\" height=\"600\" width=\"1200\" alt=\"\" class=\"slider-2441 slide-2488\" \/><\/li>\n            <li style='display: none;'><img loading=\"lazy\" decoding=\"async\" src=\"https:\/\/ecole-st-vaast-wambrechies.fr\/wp-content\/uploads\/2018\/02\/20170915_161508-1200x600.jpg\" height=\"600\" width=\"1200\" alt=\"\" class=\"slider-2441 slide-2489\" \/><\/li>\n            <li style='display: none;'><img loading=\"lazy\" decoding=\"async\" src=\"https:\/\/ecole-st-vaast-wambrechies.fr\/wp-content\/uploads\/2018\/02\/20170915_161540-1200x600.jpg\" height=\"600\" width=\"1200\" alt=\"\" class=\"slider-2441 slide-2490\" \/><\/li>\n            <li style='display: none;'><img loading=\"lazy\" decoding=\"async\" src=\"https:\/\/ecole-st-vaast-wambrechies.fr\/wp-content\/uploads\/2018\/02\/20170915_161556-1200x600.jpg\" height=\"600\" width=\"1200\" alt=\"\" class=\"slider-2441 slide-2491\" \/><\/li>\n            <li style='display: none;'><img loading=\"lazy\" decoding=\"async\" src=\"https:\/\/ecole-st-vaast-wambrechies.fr\/wp-content\/uploads\/2018\/02\/20170915_161607-1200x600.jpg\" height=\"600\" width=\"1200\" alt=\"\" class=\"slider-2441 slide-2492\" \/><\/li>\n            <li style='display: none;'><img loading=\"lazy\" decoding=\"async\" src=\"https:\/\/ecole-st-vaast-wambrechies.fr\/wp-content\/uploads\/2018\/02\/20170915_161614-1200x600.jpg\" height=\"600\" width=\"1200\" alt=\"\" class=\"slider-2441 slide-2493\" \/><\/li>\n            <li style='display: none;'><img loading=\"lazy\" decoding=\"async\" src=\"https:\/\/ecole-st-vaast-wambrechies.fr\/wp-content\/uploads\/2018\/02\/20170915_161654-1200x600.jpg\" height=\"600\" width=\"1200\" alt=\"\" class=\"slider-2441 slide-2494\" \/><\/li>\n            <li style='display: none;'><img loading=\"lazy\" decoding=\"async\" src=\"https:\/\/ecole-st-vaast-wambrechies.fr\/wp-content\/uploads\/2018\/02\/20170915_161659-1200x600.jpg\" height=\"600\" width=\"1200\" alt=\"\" class=\"slider-2441 slide-2495\" \/><\/li>\n            <li style='display: none;'><img loading=\"lazy\" decoding=\"async\" src=\"https:\/\/ecole-st-vaast-wambrechies.fr\/wp-content\/uploads\/2018\/02\/20170915_161751-1200x600.jpg\" height=\"600\" width=\"1200\" alt=\"\" class=\"slider-2441 slide-2496\" \/><\/li>\n            <li style='display: none;'><img loading=\"lazy\" decoding=\"async\" src=\"https:\/\/ecole-st-vaast-wambrechies.fr\/wp-content\/uploads\/2018\/02\/20170915_161759-1200x600.jpg\" height=\"600\" width=\"1200\" alt=\"\" class=\"slider-2441 slide-2497\" \/><\/li>\n            <li style='display: none;'><img loading=\"lazy\" decoding=\"async\" src=\"https:\/\/ecole-st-vaast-wambrechies.fr\/wp-content\/uploads\/2018\/02\/20170915_161823-1200x600.jpg\" height=\"600\" width=\"1200\" alt=\"\" class=\"slider-2441 slide-2498\" \/><\/li>\n            <li style='display: none;'><img loading=\"lazy\" decoding=\"async\" src=\"https:\/\/ecole-st-vaast-wambrechies.fr\/wp-content\/uploads\/2018\/02\/20170915_161907-1200x600.jpg\" height=\"600\" width=\"1200\" alt=\"\" class=\"slider-2441 slide-2499\" \/><\/li>\n            <li style='display: none;'><img loading=\"lazy\" decoding=\"async\" src=\"https:\/\/ecole-st-vaast-wambrechies.fr\/wp-content\/uploads\/2018\/02\/20170915_161926-1200x600.jpg\" height=\"600\" width=\"1200\" alt=\"\" class=\"slider-2441 slide-2500\" \/><\/li>\n            <li style='display: none;'><img loading=\"lazy\" decoding=\"async\" src=\"https:\/\/ecole-st-vaast-wambrechies.fr\/wp-content\/uploads\/2018\/02\/20170915_161931-1200x600.jpg\" height=\"600\" width=\"1200\" alt=\"\" class=\"slider-2441 slide-2501\" \/><\/li>\n            <li style='display: none;'><img loading=\"lazy\" decoding=\"async\" src=\"https:\/\/ecole-st-vaast-wambrechies.fr\/wp-content\/uploads\/2018\/02\/20170915_161936-1200x600.jpg\" height=\"600\" width=\"1200\" alt=\"\" class=\"slider-2441 slide-2502\" \/><\/li>\n            <li style='display: none;'><img loading=\"lazy\" decoding=\"async\" src=\"https:\/\/ecole-st-vaast-wambrechies.fr\/wp-content\/uploads\/2018\/02\/20170915_161958-1200x600.jpg\" height=\"600\" width=\"1200\" alt=\"\" class=\"slider-2441 slide-2503\" \/><\/li>\n            <li style='display: none;'><img loading=\"lazy\" decoding=\"async\" src=\"https:\/\/ecole-st-vaast-wambrechies.fr\/wp-content\/uploads\/2018\/02\/20170915_162005-1200x600.jpg\" height=\"600\" width=\"1200\" alt=\"\" class=\"slider-2441 slide-2504\" \/><\/li>\n            <li style='display: none;'><img loading=\"lazy\" decoding=\"async\" src=\"https:\/\/ecole-st-vaast-wambrechies.fr\/wp-content\/uploads\/2018\/02\/20170915_162016-1200x600.jpg\" height=\"600\" width=\"1200\" alt=\"\" class=\"slider-2441 slide-2505\" \/><\/li>\n            <li style='display: none;'><img loading=\"lazy\" decoding=\"async\" src=\"https:\/\/ecole-st-vaast-wambrechies.fr\/wp-content\/uploads\/2018\/02\/20170915_162017-1200x600.jpg\" height=\"600\" width=\"1200\" alt=\"\" class=\"slider-2441 slide-2506\" \/><\/li>\n        <\/ul>\n        \n    <\/div>\n<\/div>\n<!--\/\/ MetaSlider-->\n","protected":false},"excerpt":{"rendered":"","protected":false},"author":4,"featured_media":0,"parent":0,"menu_order":0,"comment_status":"closed","ping_status":"closed","template":"","meta":{"footnotes":""},"_links":{"self":[{"href":"https:\/\/ecole-st-vaast-wambrechies.fr\/index.php\/wp-json\/wp\/v2\/pages\/3060"}],"collection":[{"href":"https:\/\/ecole-st-vaast-wambrechies.fr\/index.php\/wp-json\/wp\/v2\/pages"}],"about":[{"href":"https:\/\/ecole-st-vaast-wambrechies.fr\/index.php\/wp-json\/wp\/v2\/types\/page"}],"author":[{"embeddable":true,"href":"https:\/\/ecole-st-vaast-wambrechies.fr\/index.php\/wp-json\/wp\/v2\/users\/4"}],"replies":[{"embeddable":true,"href":"https:\/\/ecole-st-vaast-wambrechies.fr\/index.php\/wp-json\/wp\/v2\/comments?post=3060"}],"version-history":[{"count":3,"href":"https:\/\/ecole-st-vaast-wambrechies.fr\/index.php\/wp-json\/wp\/v2\/pages\/3060\/revisions"}],"predecessor-version":[{"id":3501,"href":"https:\/\/ecole-st-vaast-wambrechies.fr\/index.php\/wp-json\/wp\/v2\/pages\/3060\/revisions\/3501"}],"wp:attachment":[{"href":"https:\/\/ecole-st-vaast-wambrechies.fr\/index.php\/wp-json\/wp\/v2\/media?parent=3060"}],"curies":[{"name":"wp","href":"https:\/\/api.w.org\/{rel}","templated":true}]}}