{"id":3515,"date":"2018-04-11T12:37:49","date_gmt":"2018-04-11T10:37:49","guid":{"rendered":"http:\/\/ecole-st-vaast-wambrechies.fr\/?page_id=3515"},"modified":"2024-11-29T16:08:17","modified_gmt":"2024-11-29T15:08:17","slug":"la-vie-de-lecole","status":"publish","type":"page","link":"https:\/\/ecole-st-vaast-wambrechies.fr\/index.php\/la-vie-de-lecole\/","title":{"rendered":"La vie de l&rsquo;\u00e9cole"},"content":{"rendered":"\n<p>Un peu d\u2019histoire\u2026.<\/p>\n\n\n\n<p>Avec la loi sur la la\u00efcit\u00e9 de Jules Ferry, notre \u00e9cole appel\u00e9e \u00e9cole libre des gar\u00e7ons s\u2019installe au ch\u00e2teau de Robersart vers&nbsp;1908.<\/p>\n\n\n\n<p>Pourquoi le ch\u00e2teau de Robersart&nbsp;?<\/p>\n\n\n\n<p>Suite au d\u00e9c\u00e8s de la comtesse Juliette de Robersart, l\u2019ex\u00e9cuteur testamentaire maitre Valois fait don du ch\u00e2teau de Robersart \u00e0 la paroisse de Saint Vaast. Cette derni\u00e8re y installe une \u00e9cole de gar\u00e7ons, le patronage ainsi qu\u2019un lieu o\u00f9 la jeunesse catholique de l\u2019\u00e9poque se retrouve. Les douves seront combl\u00e9es pour garantir la s\u00e9curit\u00e9 des enfants. L\u2019\u00e9cole aura jusqu\u2019\u00e0 4 classes \u00e0 deux niveaux. L\u2019arriv\u00e9e de nouvelles normes de s\u00e9curit\u00e9, am\u00e8neront l\u2019abb\u00e9 H\u00e9ben en 1962\/ 63 \u00e0 lancer une souscription pour la construction d\u2019une nouvelle \u00e9cole. L\u2019\u00e9cole saint Vaast Robersart s\u2019\u00e9tablira rue de l\u2019Agrippin, dans un nouveau quartier en plein essor\u2026.<\/p>\n\n\n\n<p>Elle sera achev\u00e9e en 1964 et sera b\u00e9ni par le cardinal Li\u00e9nard. Son premier directeur sera M. Deloux, suivi M. Hollebek, de M. Plessiez, de Mme Bigotte et de Mme Leduc. L\u2019\u00e9cole Saint Vaast est un \u00e9tablissement catholique o\u00f9 l\u2019on apprend \u00e0 vivre en Chr\u00e9tien en se r\u00e9f\u00e9rant aux Evangiles, un lieu ou le vivre ensemble est important.<\/p>\n\n\n\n<p>Chacun est appel\u00e9 \u00e0 vivre dans un climat de respect des autres, de simplicit\u00e9, d\u2019efforts et de loyaut\u00e9.<\/p>\n\n\n\n<p>L\u2019\u00e9cole est ouverte \u00e0 tous dans la mesure o\u00f9 le projet d\u2019\u00e9tablissement et le r\u00e8glement int\u00e9rieur sont accept\u00e9s. Elle est centr\u00e9e sur les besoins et la progression des enfants lors des \u00e9valuations et a pour objectif de donner le go\u00fbt d\u2019apprendre.<\/p>\n\n\n\n<h4 class=\"wp-block-heading\"><em><u>Informations pratiques:<\/u><\/em><\/h4>\n\n\n\n<p>Adresse : 170, Rue de l&rsquo;Agrippin<\/p>\n\n\n\n<p>59118 Wambrechies<\/p>\n\n\n\n<p>T\u00e9l\u00e9phone:&nbsp;03.20.78.84.84<\/p>\n\n\n\n<p><strong>Cheffe d\u2019\u00e9tablissement<\/strong><\/p>\n\n\n\n<figure class=\"wp-block-image size-thumbnail\"><img loading=\"lazy\" decoding=\"async\" width=\"150\" height=\"150\" src=\"http:\/\/ecole-st-vaast-wambrechies.fr\/wp-content\/uploads\/2023\/10\/benedicte-1-150x150.jpg\" alt=\"\" class=\"wp-image-7959\"\/><\/figure>\n\n\n\n<p>Madame B\u00e9n\u00e9dicte LEDUC<\/p>\n\n\n\n<p>Journ\u00e9es de d\u00e9charge : tous les lundis et les mardis<\/p>\n\n\n\n<p><strong>Horaires du secr\u00e9tariat<\/strong><\/p>\n\n\n\n<ul>\n<li>les lundis : 9h00 &#8211; 12h30 \/ 13h15 &#8211; 16h00<\/li>\n\n\n\n<li>les mardis : 9h00 &#8211; 12h30 \/ 13h15 &#8211; 17h00<\/li>\n\n\n\n<li>les jeudis : 8h00 &#8211; 12h30 \/ 13h15 &#8211; 16h00<\/li>\n\n\n\n<li>les vendredis : 9h00 &#8211; 12h30 \/ 13h15 &#8211; 17h00<\/li>\n<\/ul>\n\n\n\n<p>Madame Hanane Kamli aura le plaisir de vous recevoir au bureau aux heures d\u2019ouverture. Vous pouvez \u00e9ventuellement la contacter soit par t\u00e9l\u00e9phone au 03.20.78.84.84 ou bien par mail \u00e0 l&rsquo;adresse suivante : <a href=\"mailto:secretaire.svlp@gmail.com\">secretaire.svlp@gmail.com<\/a>.<\/p>\n\n\n\n<p><strong>L\u2019\u00e9cole au quotidien<\/strong><\/p>\n\n\n\n<ul>\n<li>Horaires de l\u2019\u00e9cole : Le matin de 08h30 \u00e0 11h30. L\u2019apr\u00e8s-midi de 13h30 \u00e0 16h30.<\/li>\n\n\n\n<li>Horaires de la garderie (t\u00e9l 09.52.69.27.64) : le matin de 07h15 \u00e0 08h20 \/&nbsp; le soir de 16h30 \u00e0 18h30 pr\u00e9cises.<\/li>\n\n\n\n<li>Horaires de l\u2019\u00e9tude&nbsp; (\u00e0 partir du CP au CM2) : le soir de 16h30 \u00e0 17h30.<\/li>\n<\/ul>\n\n\n\n<p>Pour des mesures de s\u00e9curit\u00e9, les parents sont invit\u00e9s \u00e0 utiliser la porte du b\u00e2timent cantine pour d\u00e9poser et r\u00e9cup\u00e9rer leurs enfants en garderie et la porte blanche pour l&rsquo;\u00e9tude.<\/p>\n\n\n\n<p><strong>Classes<\/strong><\/p>\n\n\n\n<p>Nous avons 241 \u00e9l\u00e8ves r\u00e9partis dans 9 classes :<\/p>\n\n\n\n<ul>\n<li>TPS \/ PS 1<\/li>\n\n\n\n<li>TPS \/ PS 2<\/li>\n\n\n\n<li>MS \/ GS 1<\/li>\n\n\n\n<li>MS \/ GS 2<\/li>\n\n\n\n<li>CP<\/li>\n\n\n\n<li>CE1<\/li>\n\n\n\n<li>CE2<\/li>\n\n\n\n<li>CM1<\/li>\n\n\n\n<li>CM2<\/li>\n<\/ul>\n\n\n\n<figure class=\"wp-block-table\"><table><tbody><tr><td>CYCLE 1<\/td><td>TPS-PS 1<\/td><\/tr><tr><td><\/td><td>TPS-PS 2<\/td><\/tr><tr><td><\/td><td>MS-GS 1<\/td><\/tr><tr><td><\/td><td>MS-GS 2<\/td><\/tr><tr><td>CYCLE 2<\/td><td>CP<\/td><\/tr><tr><td><\/td><td>CE1<\/td><\/tr><tr><td><\/td><td>CE2<\/td><\/tr><tr><td>CYCLE 3<\/td><td>CM1<\/td><\/tr><tr><td><\/td><td>CM2<\/td><\/tr><\/tbody><\/table><\/figure>\n\n\n\n<p>Des cours d\u2019anglais sont propos\u00e9s de la grande section au CM2&nbsp;: tous les vendredis par une professeure d&rsquo;anglais.<\/p>\n\n\n\n<figure class=\"wp-block-image size-medium\"><img loading=\"lazy\" decoding=\"async\" width=\"300\" height=\"169\" src=\"http:\/\/ecole-st-vaast-wambrechies.fr\/wp-content\/uploads\/2024\/11\/How-to-Learn-Spoken-English_-edited-300x169.png\" alt=\"\" class=\"wp-image-8465\" srcset=\"https:\/\/ecole-st-vaast-wambrechies.fr\/wp-content\/uploads\/2024\/11\/How-to-Learn-Spoken-English_-edited-300x169.png 300w, https:\/\/ecole-st-vaast-wambrechies.fr\/wp-content\/uploads\/2024\/11\/How-to-Learn-Spoken-English_-edited-1024x576.png 1024w, https:\/\/ecole-st-vaast-wambrechies.fr\/wp-content\/uploads\/2024\/11\/How-to-Learn-Spoken-English_-edited-768x432.png 768w, https:\/\/ecole-st-vaast-wambrechies.fr\/wp-content\/uploads\/2024\/11\/How-to-Learn-Spoken-English_-edited-1536x864.png 1536w, https:\/\/ecole-st-vaast-wambrechies.fr\/wp-content\/uploads\/2024\/11\/How-to-Learn-Spoken-English_-edited-711x400.png 711w, https:\/\/ecole-st-vaast-wambrechies.fr\/wp-content\/uploads\/2024\/11\/How-to-Learn-Spoken-English_-edited.png 1834w\" sizes=\"(max-width: 300px) 100vw, 300px\" \/><\/figure>\n","protected":false},"excerpt":{"rendered":"<p>Un peu d\u2019histoire\u2026. Avec la loi sur la la\u00efcit\u00e9 de Jules Ferry, notre \u00e9cole appel\u00e9e \u00e9cole libre des gar\u00e7ons s\u2019installe [&hellip;]<\/p>\n","protected":false},"author":4,"featured_media":0,"parent":0,"menu_order":0,"comment_status":"closed","ping_status":"closed","template":"","meta":{"footnotes":""},"_links":{"self":[{"href":"https:\/\/ecole-st-vaast-wambrechies.fr\/index.php\/wp-json\/wp\/v2\/pages\/3515"}],"collection":[{"href":"https:\/\/ecole-st-vaast-wambrechies.fr\/index.php\/wp-json\/wp\/v2\/pages"}],"about":[{"href":"https:\/\/ecole-st-vaast-wambrechies.fr\/index.php\/wp-json\/wp\/v2\/types\/page"}],"author":[{"embeddable":true,"href":"https:\/\/ecole-st-vaast-wambrechies.fr\/index.php\/wp-json\/wp\/v2\/users\/4"}],"replies":[{"embeddable":true,"href":"https:\/\/ecole-st-vaast-wambrechies.fr\/index.php\/wp-json\/wp\/v2\/comments?post=3515"}],"version-history":[{"count":26,"href":"https:\/\/ecole-st-vaast-wambrechies.fr\/index.php\/wp-json\/wp\/v2\/pages\/3515\/revisions"}],"predecessor-version":[{"id":8511,"href":"https:\/\/ecole-st-vaast-wambrechies.fr\/index.php\/wp-json\/wp\/v2\/pages\/3515\/revisions\/8511"}],"wp:attachment":[{"href":"https:\/\/ecole-st-vaast-wambrechies.fr\/index.php\/wp-json\/wp\/v2\/media?parent=3515"}],"curies":[{"name":"wp","href":"https:\/\/api.w.org\/{rel}","templated":true}]}}