{"id":4279,"date":"2018-07-14T08:15:11","date_gmt":"2018-07-14T06:15:11","guid":{"rendered":"http:\/\/ecole-st-vaast-wambrechies.fr\/?page_id=4279"},"modified":"2018-07-14T08:15:11","modified_gmt":"2018-07-14T06:15:11","slug":"celebration-noel","status":"publish","type":"page","link":"https:\/\/ecole-st-vaast-wambrechies.fr\/index.php\/celebration-noel\/","title":{"rendered":"C\u00e9l\u00e9bration No\u00eal"},"content":{"rendered":"<!-- MetaSlider -->\n<div style=\"width: 100%;\" class=\"ml-slider-3-6-6 metaslider metaslider-flex metaslider-4220 ml-slider nav-hidden\">\n    \n    <div id=\"metaslider_container_4220\">\n        <div id=\"metaslider_4220\" class=\"flexslider\">\n            <ul class=\"slides\">\n                <li style=\"display: block; width: 100%;\" class=\"slide-4251 ms-image\"><img loading=\"lazy\" decoding=\"async\" src=\"https:\/\/ecole-st-vaast-wambrechies.fr\/wp-content\/uploads\/2018\/07\/20171218_101207-1200x600.jpg\" height=\"600\" width=\"1200\" alt=\"\" class=\"slider-4220 slide-4251\" \/><\/li>\n                <li style=\"display: none; width: 100%;\" class=\"slide-4252 ms-image\"><img loading=\"lazy\" decoding=\"async\" src=\"https:\/\/ecole-st-vaast-wambrechies.fr\/wp-content\/uploads\/2018\/07\/20171218_101214-1200x600.jpg\" height=\"600\" width=\"1200\" alt=\"\" class=\"slider-4220 slide-4252\" \/><\/li>\n                <li style=\"display: none; width: 100%;\" class=\"slide-4253 ms-image\"><img loading=\"lazy\" decoding=\"async\" src=\"https:\/\/ecole-st-vaast-wambrechies.fr\/wp-content\/uploads\/2018\/07\/20171218_103930-1200x600.jpg\" height=\"600\" width=\"1200\" alt=\"\" class=\"slider-4220 slide-4253\" \/><\/li>\n                <li style=\"display: none; width: 100%;\" class=\"slide-4254 ms-image\"><img loading=\"lazy\" decoding=\"async\" src=\"https:\/\/ecole-st-vaast-wambrechies.fr\/wp-content\/uploads\/2018\/07\/20171218_103938-1200x600.jpg\" height=\"600\" width=\"1200\" alt=\"\" class=\"slider-4220 slide-4254\" \/><\/li>\n                <li style=\"display: none; width: 100%;\" class=\"slide-4255 ms-image\"><img loading=\"lazy\" decoding=\"async\" src=\"https:\/\/ecole-st-vaast-wambrechies.fr\/wp-content\/uploads\/2018\/07\/20171218_103952-1200x600.jpg\" height=\"600\" width=\"1200\" alt=\"\" class=\"slider-4220 slide-4255\" \/><\/li>\n                <li style=\"display: none; width: 100%;\" class=\"slide-4256 ms-image\"><img loading=\"lazy\" decoding=\"async\" src=\"https:\/\/ecole-st-vaast-wambrechies.fr\/wp-content\/uploads\/2018\/07\/20171219_150928-1200x600.jpg\" height=\"600\" width=\"1200\" alt=\"\" class=\"slider-4220 slide-4256\" \/><\/li>\n                <li style=\"display: none; width: 100%;\" class=\"slide-4257 ms-image\"><img loading=\"lazy\" decoding=\"async\" src=\"https:\/\/ecole-st-vaast-wambrechies.fr\/wp-content\/uploads\/2018\/07\/20171219_150942-1200x600.jpg\" height=\"600\" width=\"1200\" alt=\"\" class=\"slider-4220 slide-4257\" \/><\/li>\n                <li style=\"display: none; width: 100%;\" class=\"slide-4258 ms-image\"><img loading=\"lazy\" decoding=\"async\" src=\"https:\/\/ecole-st-vaast-wambrechies.fr\/wp-content\/uploads\/2018\/07\/20171219_150954-1200x600.jpg\" height=\"600\" width=\"1200\" alt=\"\" class=\"slider-4220 slide-4258\" \/><\/li>\n                <li style=\"display: none; width: 100%;\" class=\"slide-4259 ms-image\"><img loading=\"lazy\" decoding=\"async\" src=\"https:\/\/ecole-st-vaast-wambrechies.fr\/wp-content\/uploads\/2018\/07\/20171222_090124-1128x564.jpg\" height=\"600\" width=\"1200\" alt=\"\" class=\"slider-4220 slide-4259\" \/><\/li>\n                <li style=\"display: none; width: 100%;\" class=\"slide-4260 ms-image\"><img loading=\"lazy\" decoding=\"async\" src=\"https:\/\/ecole-st-vaast-wambrechies.fr\/wp-content\/uploads\/2018\/07\/20171222_091630-e1531548780505-1200x600.jpg\" height=\"600\" width=\"1200\" alt=\"\" class=\"slider-4220 slide-4260\" \/><\/li>\n                <li style=\"display: none; width: 100%;\" class=\"slide-4261 ms-image\"><img loading=\"lazy\" decoding=\"async\" src=\"https:\/\/ecole-st-vaast-wambrechies.fr\/wp-content\/uploads\/2018\/07\/20171222_100338-1200x600.jpg\" height=\"600\" width=\"1200\" alt=\"\" class=\"slider-4220 slide-4261\" \/><\/li>\n                <li style=\"display: none; width: 100%;\" class=\"slide-4262 ms-image\"><img loading=\"lazy\" decoding=\"async\" src=\"https:\/\/ecole-st-vaast-wambrechies.fr\/wp-content\/uploads\/2018\/07\/20171222_100346-1200x600.jpg\" height=\"600\" width=\"1200\" alt=\"\" class=\"slider-4220 slide-4262\" \/><\/li>\n                <li style=\"display: none; width: 100%;\" class=\"slide-4263 ms-image\"><img loading=\"lazy\" decoding=\"async\" src=\"https:\/\/ecole-st-vaast-wambrechies.fr\/wp-content\/uploads\/2018\/07\/20171222_100358-1200x600.jpg\" height=\"600\" width=\"1200\" alt=\"\" class=\"slider-4220 slide-4263\" \/><\/li>\n                <li style=\"display: none; width: 100%;\" class=\"slide-4264 ms-image\"><img loading=\"lazy\" decoding=\"async\" src=\"https:\/\/ecole-st-vaast-wambrechies.fr\/wp-content\/uploads\/2018\/07\/20171222_100403-1200x600.jpg\" height=\"600\" width=\"1200\" alt=\"\" class=\"slider-4220 slide-4264\" \/><\/li>\n                <li style=\"display: none; width: 100%;\" class=\"slide-4265 ms-image\"><img loading=\"lazy\" decoding=\"async\" src=\"https:\/\/ecole-st-vaast-wambrechies.fr\/wp-content\/uploads\/2018\/07\/20171222_100405-1200x600.jpg\" height=\"600\" width=\"1200\" alt=\"\" class=\"slider-4220 slide-4265\" \/><\/li>\n                <li style=\"display: none; width: 100%;\" class=\"slide-4266 ms-image\"><img loading=\"lazy\" decoding=\"async\" src=\"https:\/\/ecole-st-vaast-wambrechies.fr\/wp-content\/uploads\/2018\/07\/20171222_100408-1200x600.jpg\" height=\"600\" width=\"1200\" alt=\"\" class=\"slider-4220 slide-4266\" \/><\/li>\n                <li style=\"display: none; width: 100%;\" class=\"slide-4267 ms-image\"><img loading=\"lazy\" decoding=\"async\" src=\"https:\/\/ecole-st-vaast-wambrechies.fr\/wp-content\/uploads\/2018\/07\/20171222_100812-1200x600.jpg\" height=\"600\" width=\"1200\" alt=\"\" class=\"slider-4220 slide-4267\" \/><\/li>\n                <li style=\"display: none; width: 100%;\" class=\"slide-4268 ms-image\"><img loading=\"lazy\" decoding=\"async\" src=\"https:\/\/ecole-st-vaast-wambrechies.fr\/wp-content\/uploads\/2018\/07\/20171222_101341-1200x600.jpg\" height=\"600\" width=\"1200\" alt=\"\" class=\"slider-4220 slide-4268\" \/><\/li>\n                <li style=\"display: none; width: 100%;\" class=\"slide-4269 ms-image\"><img loading=\"lazy\" decoding=\"async\" src=\"https:\/\/ecole-st-vaast-wambrechies.fr\/wp-content\/uploads\/2018\/07\/20171222_101345-1200x600.jpg\" height=\"600\" width=\"1200\" alt=\"\" class=\"slider-4220 slide-4269\" \/><\/li>\n                <li style=\"display: none; width: 100%;\" class=\"slide-4270 ms-image\"><img loading=\"lazy\" decoding=\"async\" src=\"https:\/\/ecole-st-vaast-wambrechies.fr\/wp-content\/uploads\/2018\/07\/20171222_101658-1200x600.jpg\" height=\"600\" width=\"1200\" alt=\"\" class=\"slider-4220 slide-4270\" \/><\/li>\n                <li style=\"display: none; width: 100%;\" class=\"slide-4271 ms-image\"><img loading=\"lazy\" decoding=\"async\" src=\"https:\/\/ecole-st-vaast-wambrechies.fr\/wp-content\/uploads\/2018\/07\/20171222_102636-1200x600.jpg\" height=\"600\" width=\"1200\" alt=\"\" class=\"slider-4220 slide-4271\" \/><\/li>\n                <li style=\"display: none; width: 100%;\" class=\"slide-4272 ms-image\"><img loading=\"lazy\" decoding=\"async\" src=\"https:\/\/ecole-st-vaast-wambrechies.fr\/wp-content\/uploads\/2018\/07\/20171222_102646-1200x600.jpg\" height=\"600\" width=\"1200\" alt=\"\" class=\"slider-4220 slide-4272\" \/><\/li>\n                <li style=\"display: none; width: 100%;\" class=\"slide-4273 ms-image\"><img loading=\"lazy\" decoding=\"async\" src=\"https:\/\/ecole-st-vaast-wambrechies.fr\/wp-content\/uploads\/2018\/07\/20171222_160831-1200x600.jpg\" height=\"600\" width=\"1200\" alt=\"\" class=\"slider-4220 slide-4273\" \/><\/li>\n                <li style=\"display: none; width: 100%;\" class=\"slide-4274 ms-image\"><img loading=\"lazy\" decoding=\"async\" src=\"https:\/\/ecole-st-vaast-wambrechies.fr\/wp-content\/uploads\/2018\/07\/20171222_160837-1200x600.jpg\" height=\"600\" width=\"1200\" alt=\"\" class=\"slider-4220 slide-4274\" \/><\/li>\n                <li style=\"display: none; width: 100%;\" class=\"slide-4275 ms-image\"><img loading=\"lazy\" decoding=\"async\" src=\"https:\/\/ecole-st-vaast-wambrechies.fr\/wp-content\/uploads\/2018\/07\/20171222_161137-1200x600.jpg\" height=\"600\" width=\"1200\" alt=\"\" class=\"slider-4220 slide-4275\" \/><\/li>\n                <li style=\"display: none; width: 100%;\" class=\"slide-4276 ms-image\"><img loading=\"lazy\" decoding=\"async\" src=\"https:\/\/ecole-st-vaast-wambrechies.fr\/wp-content\/uploads\/2018\/07\/20171222_161251-1200x600.jpg\" height=\"600\" width=\"1200\" alt=\"\" class=\"slider-4220 slide-4276\" \/><\/li>\n                <li style=\"display: none; width: 100%;\" class=\"slide-4277 ms-image\"><img loading=\"lazy\" decoding=\"async\" src=\"https:\/\/ecole-st-vaast-wambrechies.fr\/wp-content\/uploads\/2018\/07\/20171222_161257-1200x600.jpg\" height=\"600\" width=\"1200\" alt=\"\" class=\"slider-4220 slide-4277\" \/><\/li>\n                <li style=\"display: none; width: 100%;\" class=\"slide-4278 ms-image\"><img loading=\"lazy\" decoding=\"async\" src=\"https:\/\/ecole-st-vaast-wambrechies.fr\/wp-content\/uploads\/2018\/07\/20171224_183404-1200x600.jpg\" height=\"600\" width=\"1200\" alt=\"\" class=\"slider-4220 slide-4278\" \/><\/li>\n            <\/ul>\n        <\/div>\n        \n    <\/div>\n<\/div>\n<!--\/\/ MetaSlider-->\n","protected":false},"excerpt":{"rendered":"","protected":false},"author":4,"featured_media":0,"parent":0,"menu_order":0,"comment_status":"closed","ping_status":"closed","template":"","meta":{"footnotes":""},"_links":{"self":[{"href":"https:\/\/ecole-st-vaast-wambrechies.fr\/index.php\/wp-json\/wp\/v2\/pages\/4279"}],"collection":[{"href":"https:\/\/ecole-st-vaast-wambrechies.fr\/index.php\/wp-json\/wp\/v2\/pages"}],"about":[{"href":"https:\/\/ecole-st-vaast-wambrechies.fr\/index.php\/wp-json\/wp\/v2\/types\/page"}],"author":[{"embeddable":true,"href":"https:\/\/ecole-st-vaast-wambrechies.fr\/index.php\/wp-json\/wp\/v2\/users\/4"}],"replies":[{"embeddable":true,"href":"https:\/\/ecole-st-vaast-wambrechies.fr\/index.php\/wp-json\/wp\/v2\/comments?post=4279"}],"version-history":[{"count":1,"href":"https:\/\/ecole-st-vaast-wambrechies.fr\/index.php\/wp-json\/wp\/v2\/pages\/4279\/revisions"}],"predecessor-version":[{"id":4280,"href":"https:\/\/ecole-st-vaast-wambrechies.fr\/index.php\/wp-json\/wp\/v2\/pages\/4279\/revisions\/4280"}],"wp:attachment":[{"href":"https:\/\/ecole-st-vaast-wambrechies.fr\/index.php\/wp-json\/wp\/v2\/media?parent=4279"}],"curies":[{"name":"wp","href":"https:\/\/api.w.org\/{rel}","templated":true}]}}