{"id":534,"date":"2017-10-13T21:06:04","date_gmt":"2017-10-13T19:06:04","guid":{"rendered":"http:\/\/ecole-laprovidence-wambrechies.fr\/?page_id=534"},"modified":"2018-12-13T15:41:34","modified_gmt":"2018-12-13T14:41:34","slug":"galeries-2016-17","status":"publish","type":"page","link":"https:\/\/ecole-st-vaast-wambrechies.fr\/index.php\/galeries-2016-17\/","title":{"rendered":"\u00c9v\u00e9nements de l&rsquo;ann\u00e9e scolaire 2016 &#8211; 2017"},"content":{"rendered":"<p>&nbsp;<\/p>\n<h2 style=\"text-align: left;\">Cliquez sur l&rsquo;image ou sur le titre de l&rsquo;\u00e9v\u00e9nement pour acc\u00e9der au diaporama.<\/h2>\n<table border=\"0\" width=\"700\" align=\"center\">\n<tbody>\n<tr>\n<td style=\"text-align: center;\"><a href=\"http:\/\/ecole-st-vaast-wambrechies.fr\/index.php\/carnaval-2017\/\" target=\"_blank\" rel=\"noopener\"><img loading=\"lazy\" decoding=\"async\" class=\"alignnone size-full wp-image-3088\" src=\"http:\/\/ecole-st-vaast-wambrechies.fr\/wp-content\/uploads\/2018\/02\/vig-carnaval.jpg\" alt=\"\" width=\"200\" height=\"200\" srcset=\"https:\/\/ecole-st-vaast-wambrechies.fr\/wp-content\/uploads\/2018\/02\/vig-carnaval.jpg 200w, https:\/\/ecole-st-vaast-wambrechies.fr\/wp-content\/uploads\/2018\/02\/vig-carnaval-150x150.jpg 150w\" sizes=\"(max-width: 200px) 100vw, 200px\" \/><\/a><br \/>\n<a href=\"http:\/\/ecole-st-vaast-wambrechies.fr\/index.php\/carnaval-2017\/\" target=\"_blank\" rel=\"noopener\">Carnaval<\/a><br \/>\nMars 2017<\/td>\n<td style=\"text-align: center;\"><a href=\"http:\/\/ecole-st-vaast-wambrechies.fr\/index.php\/chasses-aux-oeufs\/\" target=\"_blank\" rel=\"noopener\"><img loading=\"lazy\" decoding=\"async\" class=\"alignnone size-full wp-image-3089\" src=\"http:\/\/ecole-st-vaast-wambrechies.fr\/wp-content\/uploads\/2018\/02\/vig-chasse.jpg\" alt=\"\" width=\"200\" height=\"200\" srcset=\"https:\/\/ecole-st-vaast-wambrechies.fr\/wp-content\/uploads\/2018\/02\/vig-chasse.jpg 200w, https:\/\/ecole-st-vaast-wambrechies.fr\/wp-content\/uploads\/2018\/02\/vig-chasse-150x150.jpg 150w\" sizes=\"(max-width: 200px) 100vw, 200px\" \/><\/a><br \/>\n<a href=\"http:\/\/ecole-st-vaast-wambrechies.fr\/index.php\/chasses-aux-oeufs\/\" target=\"_blank\" rel=\"noopener\">Chasse aux \u0153ufs<\/a><br \/>\nAvril 2017<\/td>\n<td style=\"text-align: center;\"><a href=\"http:\/\/ecole-st-vaast-wambrechies.fr\/index.php\/paques\/\" target=\"_blank\" rel=\"noopener\"><img loading=\"lazy\" decoding=\"async\" class=\"alignnone size-full wp-image-3090\" src=\"http:\/\/ecole-st-vaast-wambrechies.fr\/wp-content\/uploads\/2018\/02\/vig-paques.jpg\" alt=\"\" width=\"200\" height=\"200\" srcset=\"https:\/\/ecole-st-vaast-wambrechies.fr\/wp-content\/uploads\/2018\/02\/vig-paques.jpg 200w, https:\/\/ecole-st-vaast-wambrechies.fr\/wp-content\/uploads\/2018\/02\/vig-paques-150x150.jpg 150w\" sizes=\"(max-width: 200px) 100vw, 200px\" \/><\/a><br \/>\n<a href=\"http:\/\/ecole-st-vaast-wambrechies.fr\/index.php\/paques\/\">P\u00e2ques<\/a><br \/>\nAvril 2017<\/td>\n<td style=\"text-align: center;\"><a href=\"http:\/\/ecole-st-vaast-wambrechies.fr\/index.php\/classe-verte\/\" target=\"_blank\" rel=\"noopener\"><img loading=\"lazy\" decoding=\"async\" class=\"alignnone size-full wp-image-3091\" src=\"http:\/\/ecole-st-vaast-wambrechies.fr\/wp-content\/uploads\/2018\/02\/vig-classe-verte.jpg\" alt=\"\" width=\"200\" height=\"200\" srcset=\"https:\/\/ecole-st-vaast-wambrechies.fr\/wp-content\/uploads\/2018\/02\/vig-classe-verte.jpg 200w, https:\/\/ecole-st-vaast-wambrechies.fr\/wp-content\/uploads\/2018\/02\/vig-classe-verte-150x150.jpg 150w\" sizes=\"(max-width: 200px) 100vw, 200px\" \/><\/a><br \/>\n<a href=\"http:\/\/ecole-st-vaast-wambrechies.fr\/index.php\/classe-verte\/\" target=\"_blank\" rel=\"noopener\">Classe Verte<\/a><br \/>\nJuin 2017<\/td>\n<\/tr>\n<tr>\n<td style=\"text-align: center;\"><a href=\"http:\/\/ecole-st-vaast-wambrechies.fr\/index.php\/deux-caps\/\" target=\"_blank\" rel=\"noopener\"><img loading=\"lazy\" decoding=\"async\" class=\"alignnone size-full wp-image-3092\" src=\"http:\/\/ecole-st-vaast-wambrechies.fr\/wp-content\/uploads\/2018\/02\/vig-2caps.jpg\" alt=\"\" width=\"200\" height=\"200\" srcset=\"https:\/\/ecole-st-vaast-wambrechies.fr\/wp-content\/uploads\/2018\/02\/vig-2caps.jpg 200w, https:\/\/ecole-st-vaast-wambrechies.fr\/wp-content\/uploads\/2018\/02\/vig-2caps-150x150.jpg 150w\" sizes=\"(max-width: 200px) 100vw, 200px\" \/><\/a><br \/>\n<a href=\"http:\/\/ecole-st-vaast-wambrechies.fr\/index.php\/deux-caps\/\" target=\"_blank\" rel=\"noopener\">Exp\u00e9dition des 2 caps<\/a><br \/>\nJuin 2017<\/td>\n<td style=\"text-align: center;\"><a href=\"http:\/\/ecole-st-vaast-wambrechies.fr\/index.php\/robersart-2017\/\" target=\"_blank\" rel=\"noopener\"><img loading=\"lazy\" decoding=\"async\" class=\"alignnone size-full wp-image-3093\" src=\"http:\/\/ecole-st-vaast-wambrechies.fr\/wp-content\/uploads\/2018\/02\/vig-robersart.jpg\" alt=\"\" width=\"200\" height=\"200\" srcset=\"https:\/\/ecole-st-vaast-wambrechies.fr\/wp-content\/uploads\/2018\/02\/vig-robersart.jpg 200w, https:\/\/ecole-st-vaast-wambrechies.fr\/wp-content\/uploads\/2018\/02\/vig-robersart-150x150.jpg 150w\" sizes=\"(max-width: 200px) 100vw, 200px\" \/><\/a><br \/>\n<a href=\"http:\/\/ecole-st-vaast-wambrechies.fr\/index.php\/robersart-2017\/\" target=\"_blank\" rel=\"noopener\">F\u00eate Robersart<\/a><br \/>\nJuin 2017<\/td>\n<td style=\"text-align: center;\"><a href=\"http:\/\/ecole-st-vaast-wambrechies.fr\/index.php\/tir-a-larc-2017\/\" target=\"_blank\" rel=\"noopener\"><img loading=\"lazy\" decoding=\"async\" class=\"alignnone size-full wp-image-3094\" src=\"http:\/\/ecole-st-vaast-wambrechies.fr\/wp-content\/uploads\/2018\/02\/vig-tir-arc.jpg\" alt=\"\" width=\"200\" height=\"200\" srcset=\"https:\/\/ecole-st-vaast-wambrechies.fr\/wp-content\/uploads\/2018\/02\/vig-tir-arc.jpg 200w, https:\/\/ecole-st-vaast-wambrechies.fr\/wp-content\/uploads\/2018\/02\/vig-tir-arc-150x150.jpg 150w\" sizes=\"(max-width: 200px) 100vw, 200px\" \/><\/a><br \/>\n<a href=\"http:\/\/ecole-st-vaast-wambrechies.fr\/index.php\/tir-a-larc-2017\/\" target=\"_blank\" rel=\"noopener\">Tir \u00e0 l&rsquo;arc<\/a><br \/>\nJuin 2017<\/td>\n<td style=\"text-align: center;\"><a href=\"http:\/\/ecole-st-vaast-wambrechies.fr\/index.php\/fete-de-lecole-st-vaast\/\" target=\"_blank\" rel=\"noopener\"><img loading=\"lazy\" decoding=\"async\" class=\"alignnone size-full wp-image-3095\" src=\"http:\/\/ecole-st-vaast-wambrechies.fr\/wp-content\/uploads\/2018\/02\/vig-fete-ecole.jpg\" alt=\"\" width=\"200\" height=\"200\" srcset=\"https:\/\/ecole-st-vaast-wambrechies.fr\/wp-content\/uploads\/2018\/02\/vig-fete-ecole.jpg 200w, https:\/\/ecole-st-vaast-wambrechies.fr\/wp-content\/uploads\/2018\/02\/vig-fete-ecole-150x150.jpg 150w\" sizes=\"(max-width: 200px) 100vw, 200px\" \/><\/a><br \/>\n<a href=\"http:\/\/ecole-st-vaast-wambrechies.fr\/index.php\/fete-de-lecole-st-vaast\/\" target=\"_blank\" rel=\"noopener\">F\u00eate de l&rsquo;\u00e9cole<\/a><br \/>\nJuillet 2017<\/td>\n<\/tr>\n<tr>\n<td style=\"text-align: center;\"><\/td>\n<td style=\"text-align: center;\"><\/td>\n<td style=\"text-align: center;\"><\/td>\n<td style=\"text-align: center;\"><\/td>\n<\/tr>\n<tr>\n<td><\/td>\n<td><\/td>\n<td><\/td>\n<td><\/td>\n<\/tr>\n<tr>\n<td><\/td>\n<td><\/td>\n<td><\/td>\n<td><\/td>\n<\/tr>\n<\/tbody>\n<\/table>\n<p>&nbsp;<\/p>\n","protected":false},"excerpt":{"rendered":"<p>&nbsp; Cliquez sur l&rsquo;image ou sur le titre de l&rsquo;\u00e9v\u00e9nement pour acc\u00e9der au diaporama. Carnaval Mars 2017 Chasse aux \u0153ufs [&hellip;]<\/p>\n","protected":false},"author":4,"featured_media":0,"parent":0,"menu_order":0,"comment_status":"closed","ping_status":"closed","template":"","meta":{"footnotes":""},"_links":{"self":[{"href":"https:\/\/ecole-st-vaast-wambrechies.fr\/index.php\/wp-json\/wp\/v2\/pages\/534"}],"collection":[{"href":"https:\/\/ecole-st-vaast-wambrechies.fr\/index.php\/wp-json\/wp\/v2\/pages"}],"about":[{"href":"https:\/\/ecole-st-vaast-wambrechies.fr\/index.php\/wp-json\/wp\/v2\/types\/page"}],"author":[{"embeddable":true,"href":"https:\/\/ecole-st-vaast-wambrechies.fr\/index.php\/wp-json\/wp\/v2\/users\/4"}],"replies":[{"embeddable":true,"href":"https:\/\/ecole-st-vaast-wambrechies.fr\/index.php\/wp-json\/wp\/v2\/comments?post=534"}],"version-history":[{"count":10,"href":"https:\/\/ecole-st-vaast-wambrechies.fr\/index.php\/wp-json\/wp\/v2\/pages\/534\/revisions"}],"predecessor-version":[{"id":5235,"href":"https:\/\/ecole-st-vaast-wambrechies.fr\/index.php\/wp-json\/wp\/v2\/pages\/534\/revisions\/5235"}],"wp:attachment":[{"href":"https:\/\/ecole-st-vaast-wambrechies.fr\/index.php\/wp-json\/wp\/v2\/media?parent=534"}],"curies":[{"name":"wp","href":"https:\/\/api.w.org\/{rel}","templated":true}]}}