{"id":6775,"date":"2020-11-16T10:11:35","date_gmt":"2020-11-16T09:11:35","guid":{"rendered":"http:\/\/ecole-st-vaast-wambrechies.fr\/?page_id=6775"},"modified":"2020-11-16T10:11:36","modified_gmt":"2020-11-16T09:11:36","slug":"cours-danglais","status":"publish","type":"page","link":"https:\/\/ecole-st-vaast-wambrechies.fr\/index.php\/cours-danglais\/","title":{"rendered":"COURS D\u2019ANGLAIS"},"content":{"rendered":"\n<p><strong>GS :<\/strong>&nbsp;introduction de la langue anglaise en faisant des chansons, des lectures et apprendre \u00e0 se pr\u00e9senter.<\/p>\n\n\n\n<p><strong>CP :<\/strong>&nbsp;d\u00e9couverte de la langue anglaise en chantant, s\u00e9ance lecture sur les th\u00e8mes de la nourriture, des animaux, des sentiments et des couleurs\u2026<\/p>\n\n\n\n<p><strong>CE1 :<\/strong>&nbsp;les \u00e9l\u00e8ves vont apprendre les consignes de la classe pour le bon d\u00e9roulement du cours. Ensuite, ils vont apprendre \u00e0 se pr\u00e9senter, \u00e0 exprimer leurs sentiments, \u00e0 d\u00e9crire leurs apparences physiques en faisant des jeux et des chansons.<\/p>\n\n\n\n<p><strong>CE2 :<\/strong>&nbsp;les \u00e9l\u00e8ves ont une bonne ma\u00eetrise des r\u00e8gles de vie de la classe. Ils vont d\u00e9velopper les connaissances sur le corps humain, de l\u2019apparence physique, des diff\u00e9rents animaux, des aliments et d\u00e9crire le programme de leur journ\u00e9e.<\/p>\n\n\n\n<p><strong>CM1 :<\/strong>&nbsp;les \u00e9l\u00e8ves commencent \u00e0 d\u00e9couvrir la culture des pays anglo-saxons (Royaume-Uni, \u00c9tats-Unis) =&gt; autour des th\u00e8mes voyages, des f\u00eates, de la cuisine et des vacances. Ils feront beaucoup de travail sur la compr\u00e9hension orale et ils vont se pr\u00e9senter et tenir une conversation t\u00e9l\u00e9phonique.<\/p>\n\n\n\n<p><strong>CM2 :<\/strong>&nbsp;Les \u00e9l\u00e8ves confirment leurs connaissances sur la g\u00e9ographie, la m\u00e9t\u00e9o, la cuisine, l\u2019apparence physique, les sentiments et d\u00e9couvrir la culture du Royaume-Uni et des \u00c9tats-Unis autour des th\u00e8mes du voyages et des f\u00eates culturelles telles qu\u2019Halloween, Thanksgiving et Christmas.<\/p>\n","protected":false},"excerpt":{"rendered":"<p>GS :&nbsp;introduction de la langue anglaise en faisant des chansons, des lectures et apprendre \u00e0 se pr\u00e9senter. CP :&nbsp;d\u00e9couverte de [&hellip;]<\/p>\n","protected":false},"author":4,"featured_media":0,"parent":0,"menu_order":0,"comment_status":"closed","ping_status":"closed","template":"","meta":{"footnotes":""},"_links":{"self":[{"href":"https:\/\/ecole-st-vaast-wambrechies.fr\/index.php\/wp-json\/wp\/v2\/pages\/6775"}],"collection":[{"href":"https:\/\/ecole-st-vaast-wambrechies.fr\/index.php\/wp-json\/wp\/v2\/pages"}],"about":[{"href":"https:\/\/ecole-st-vaast-wambrechies.fr\/index.php\/wp-json\/wp\/v2\/types\/page"}],"author":[{"embeddable":true,"href":"https:\/\/ecole-st-vaast-wambrechies.fr\/index.php\/wp-json\/wp\/v2\/users\/4"}],"replies":[{"embeddable":true,"href":"https:\/\/ecole-st-vaast-wambrechies.fr\/index.php\/wp-json\/wp\/v2\/comments?post=6775"}],"version-history":[{"count":1,"href":"https:\/\/ecole-st-vaast-wambrechies.fr\/index.php\/wp-json\/wp\/v2\/pages\/6775\/revisions"}],"predecessor-version":[{"id":6776,"href":"https:\/\/ecole-st-vaast-wambrechies.fr\/index.php\/wp-json\/wp\/v2\/pages\/6775\/revisions\/6776"}],"wp:attachment":[{"href":"https:\/\/ecole-st-vaast-wambrechies.fr\/index.php\/wp-json\/wp\/v2\/media?parent=6775"}],"curies":[{"name":"wp","href":"https:\/\/api.w.org\/{rel}","templated":true}]}}