{"id":8284,"date":"2024-06-04T14:55:18","date_gmt":"2024-06-04T12:55:18","guid":{"rendered":"http:\/\/ecole-st-vaast-wambrechies.fr\/?page_id=8284"},"modified":"2024-06-04T14:55:19","modified_gmt":"2024-06-04T12:55:19","slug":"le-projet-detablissement","status":"publish","type":"page","link":"https:\/\/ecole-st-vaast-wambrechies.fr\/index.php\/le-projet-detablissement\/","title":{"rendered":"Le projet d&rsquo;\u00e9tablissement"},"content":{"rendered":"\n<p>Projet d\u2019\u00e9tablissement<\/p>\n\n\n\n<p>En application au projet \u00e9ducatif, le projet d\u2019\u00e9tablissement aura pour ligne de conduite le bien-\u00eatre \u00e0 l\u2019\u00e9cole.<\/p>\n\n\n\n<p><em><u>Volet \u00e9ducatif<\/u><\/em><\/p>\n\n\n\n<p>Les enseignants et le personnel OGEC ont suivi un module de formation sur la discipline positive, discipline qui permet de d\u00e9velopper les comp\u00e9tences psychosociales.<\/p>\n\n\n\n<p>L\u2019\u00e9quipe enseignante sera \u00e9paul\u00e9e par un service civique pour la mise en \u0153uvre d\u2019ateliers, de jeux de r\u00f4les et de mini-d\u00e9bats pour travailler les CPS.<\/p>\n\n\n\n<p>Le travail sur les CPS va permettre aux enfants d\u2019am\u00e9liorer leur confiance en soi, leur sentiment de bien-\u00eatre \u00e0 l\u2019\u00e9cole et les comp\u00e9tences du vivre ensemble ne pourront qu\u2019en \u00eatre am\u00e9lior\u00e9es. Ces diff\u00e9rents axes de travail repr\u00e9sentent des facteurs positifs pour la r\u00e9ussite des \u00e9l\u00e8ves.<\/p>\n\n\n\n<p>Parall\u00e8lement \u00e0 cela, les enfants vont travailler sur le respect de l\u2019environnement. En effet, en collaboration avec l\u2019association de parents d\u2019\u00e9l\u00e8ves et l\u2019Etat par le biais de \u00ab&nbsp;Notre \u00e9cole, faisons-la ensemble&nbsp;\u00bb, un projet de v\u00e9g\u00e9talisation et d\u2019am\u00e9nagement de la cour \u00e9l\u00e9mentaire se construit. Ce projet permettra \u00e9galement \u00e0 l\u2019\u00e9quipe enseignante de mettre \u00e0 profit des p\u00e9dagogies innovantes.<\/p>\n\n\n\n<p><em><u>Volet p\u00e9dagogique<\/u><\/em><\/p>\n\n\n\n<ol>\n<li><em>Discipline positive<\/em><\/li>\n<\/ol>\n\n\n\n<p>L\u2019\u00e9quipe p\u00e9dagogique a suivi une formation sur la discipline positive. Cette formation se poursuit par un suivi et une relecture des pratiques.<\/p>\n\n\n\n<p>Le personnel OGEC, qui a \u00e9galement particip\u00e9 \u00e0 cette formation, va profiter par la suite de ce suivi pour mettre en pratique les comp\u00e9tences acquises lors de la formation.<\/p>\n\n\n\n<p>Par la suite, en partenariat avec l\u2019association de parents d\u2019\u00e9l\u00e8ves, cette pratique sera \u00e9tendue aux parents par des conf\u00e9rences-d\u00e9bats, des ateliers\u2026<\/p>\n\n\n\n<ul>\n<li><em>Classes du dehors et classes flexibles<\/em><\/li>\n<\/ul>\n\n\n\n<p>En compl\u00e9mentarit\u00e9, les enseignantes vont se former selon leurs envies \u00e0 diverses p\u00e9dagogies innovantes, \u00e0 savoir la classe du dehors et la classe flexible.<\/p>\n\n\n\n<p>Ces p\u00e9dagogies permettent aux enfants de se sentir bien de par les apprentissages r\u00e9alis\u00e9s en se servant des \u00ab&nbsp;mat\u00e9riaux&nbsp;\u00bb fournis par la nature et de par le fait d\u2019\u00eatre dehors et en mouvement pour la classe du dehors. Et par le fait, de pouvoir \u00e9voluer \u00e0 leur rythme, de d\u00e9velopper leur autonomie et leur capacit\u00e9 \u00e0 se prendre en charge, tout en utilisant un mobilier de classe diff\u00e9renci\u00e9 pour convenir au mieux aux diff\u00e9rents individus pour la classe flexible.<\/p>\n\n\n\n<p><em><u>Volet pastoral<\/u><\/em><\/p>\n\n\n\n<p>Tout en s\u2019appuyant sur les paroles des Evangiles et d\u2019un suivi des Pastofil, les \u00e9l\u00e8ves sont \u00e9duqu\u00e9s \u00e0 l\u2019empathie et au vivre ensemble. Cela pour que chacun d\u2019eux se sente bien au sein de l\u2019\u00e9tablissement et y trouve sa place.<\/p>\n\n\n\n<p><em><u>Volet num\u00e9rique<\/u><\/em><\/p>\n\n\n\n<p>Par l\u2019utilisation de l\u2019outil num\u00e9rique, les \u00e9l\u00e8ves vont apprendre et suivre quelques r\u00e8gles d\u2019utilisation consign\u00e9es dans une charte.<\/p>\n\n\n\n<p>Ils seront sensibilis\u00e9s aux dangers d\u2019Internet par le biais du permis Internet.<\/p>\n\n\n\n<p>L\u2019outil num\u00e9rique leur permettra une ouverture sur le monde et une aide pour la recherche d\u2019informations.<\/p>\n\n\n\n<p>Par les CPS, lors notamment des travaux de recherche en groupes, les \u00e9l\u00e8ves travailleront le vivre ensemble.<\/p>\n","protected":false},"excerpt":{"rendered":"<p>Projet d\u2019\u00e9tablissement En application au projet \u00e9ducatif, le projet d\u2019\u00e9tablissement aura pour ligne de conduite le bien-\u00eatre \u00e0 l\u2019\u00e9cole. Volet [&hellip;]<\/p>\n","protected":false},"author":4,"featured_media":0,"parent":0,"menu_order":0,"comment_status":"closed","ping_status":"closed","template":"","meta":{"footnotes":""},"_links":{"self":[{"href":"https:\/\/ecole-st-vaast-wambrechies.fr\/index.php\/wp-json\/wp\/v2\/pages\/8284"}],"collection":[{"href":"https:\/\/ecole-st-vaast-wambrechies.fr\/index.php\/wp-json\/wp\/v2\/pages"}],"about":[{"href":"https:\/\/ecole-st-vaast-wambrechies.fr\/index.php\/wp-json\/wp\/v2\/types\/page"}],"author":[{"embeddable":true,"href":"https:\/\/ecole-st-vaast-wambrechies.fr\/index.php\/wp-json\/wp\/v2\/users\/4"}],"replies":[{"embeddable":true,"href":"https:\/\/ecole-st-vaast-wambrechies.fr\/index.php\/wp-json\/wp\/v2\/comments?post=8284"}],"version-history":[{"count":1,"href":"https:\/\/ecole-st-vaast-wambrechies.fr\/index.php\/wp-json\/wp\/v2\/pages\/8284\/revisions"}],"predecessor-version":[{"id":8285,"href":"https:\/\/ecole-st-vaast-wambrechies.fr\/index.php\/wp-json\/wp\/v2\/pages\/8284\/revisions\/8285"}],"wp:attachment":[{"href":"https:\/\/ecole-st-vaast-wambrechies.fr\/index.php\/wp-json\/wp\/v2\/media?parent=8284"}],"curies":[{"name":"wp","href":"https:\/\/api.w.org\/{rel}","templated":true}]}}

Le projet d&rsquo;établissement

<p>Projet d’établissement</p>



<p>En application au projet éducatif, le projet d’établissement aura pour ligne de conduite le bien-être à l’école.</p>



<p><em><u>Volet éducatif</u></em></p>



<p>Les enseignants et le personnel OGEC ont suivi un module de formation sur la discipline positive, discipline qui permet de développer les compétences psychosociales.</p>



<p>L’équipe enseignante sera épaulée par un service civique pour la mise en œuvre d’ateliers, de jeux de rôles et de mini-débats pour travailler les CPS.</p>



<p>Le travail sur les CPS va permettre aux enfants d’améliorer leur confiance en soi, leur sentiment de bien-être à l’école et les compétences du vivre ensemble ne pourront qu’en être améliorées. Ces différents axes de travail représentent des facteurs positifs pour la réussite des élèves.</p>



<p>Parallèlement à cela, les enfants vont travailler sur le respect de l’environnement. En effet, en collaboration avec l’association de parents d’élèves et l’Etat par le biais de «&nbsp;Notre école, faisons-la ensemble&nbsp;», un projet de végétalisation et d’aménagement de la cour élémentaire se construit. Ce projet permettra également à l’équipe enseignante de mettre à profit des pédagogies innovantes.</p>



<p><em><u>Volet pédagogique</u></em></p>



<ol>
<li><em>Discipline positive</em></li>
</ol>



<p>L’équipe pédagogique a suivi une formation sur la discipline positive. Cette formation se poursuit par un suivi et une relecture des pratiques.</p>



<p>Le personnel OGEC, qui a également participé à cette formation, va profiter par la suite de ce suivi pour mettre en pratique les compétences acquises lors de la formation.</p>



<p>Par la suite, en partenariat avec l’association de parents d’élèves, cette pratique sera étendue aux parents par des conférences-débats, des ateliers…</p>



<ul>
<li><em>Classes du dehors et classes flexibles</em></li>
</ul>



<p>En complémentarité, les enseignantes vont se former selon leurs envies à diverses pédagogies innovantes, à savoir la classe du dehors et la classe flexible.</p>



<p>Ces pédagogies permettent aux enfants de se sentir bien de par les apprentissages réalisés en se servant des «&nbsp;matériaux&nbsp;» fournis par la nature et de par le fait d’être dehors et en mouvement pour la classe du dehors. Et par le fait, de pouvoir évoluer à leur rythme, de développer leur autonomie et leur capacité à se prendre en charge, tout en utilisant un mobilier de classe différencié pour convenir au mieux aux différents individus pour la classe flexible.</p>



<p><em><u>Volet pastoral</u></em></p>



<p>Tout en s’appuyant sur les paroles des Evangiles et d’un suivi des Pastofil, les élèves sont éduqués à l’empathie et au vivre ensemble. Cela pour que chacun d’eux se sente bien au sein de l’établissement et y trouve sa place.</p>



<p><em><u>Volet numérique</u></em></p>



<p>Par l’utilisation de l’outil numérique, les élèves vont apprendre et suivre quelques règles d’utilisation consignées dans une charte.</p>



<p>Ils seront sensibilisés aux dangers d’Internet par le biais du permis Internet.</p>



<p>L’outil numérique leur permettra une ouverture sur le monde et une aide pour la recherche d’informations.</p>



<p>Par les CPS, lors notamment des travaux de recherche en groupes, les élèves travailleront le vivre ensemble.</p>

<p>Projet d’établissement En application au projet éducatif, le projet d’établissement aura pour ligne de conduite le bien-être à l’école. Volet [&hellip;]</p>
